ctors of p.
2, 5
Let m(v) = 4*v**2 + 13*v + 17. List the prime factors of m(-10).
7, 41
Suppose -6*k + 720 = 2*k. Suppose -40*y + 43*y = k. What are the prime factors of y?
2, 3, 5
Let r be (-60)/(-3)*(-8)/(-10). Let a = 8 - r. List the prime factors of (-1 + 25)*(a - -9).
2, 3
Suppose x = -m - 40, -220 = 2*m + 3*m + x. Let h = 78 - m. What are the prime factors of h?
3, 41
Let f(z) = 3*z**3 + z**2 + z + 2. Let h be f(-2). Let k = -77 - -76. What are the prime factors of 1 - (-1)/k*h?
3, 7
Suppose l + 5*b - 401 - 781 = 0, -5*l + 4*b + 5968 = 0. What are the prime factors of l?
2, 149
Let c(y) = y**3 + 20*y**2 + 20*y + 2. Let n be c(-19). Let j(r) = r**2 + 10*r - 22. What are the prime factors of j(n)?
97
Let d(n) = -3*n**2 + 14*n + 16. Let w be d(12). Let j = w - -470. List the prime factors of j.
2, 3, 37
Let y(g) = -g**3 + 8*g**2 + 11*g - 16. Let l be y(9). Suppose -2*v - v = -l*k + 88, 0 = 3*k - 5*v - 131. What are the prime factors of k?
47
Suppose -5*m + 18 = -2. Suppose 0 = m*a + 4*w, 5*a + 0*w - 2*w = 0. Suppose -4*b - 47 + 143 = a. List the prime factors of b.
2, 3
Let l = 96 + -91. Let x be (-2 - -8)/2 + -1. List the prime factors of 39*(l + -1 - x).
2, 3, 13
Suppose 2*n - 2 = -3*b - 13, -2*n + 2*b = 16. Let j = 36 + -38. Let v = j - n. What are the prime factors of v?
5
Let r(a) = 2*a**2 - 7*a + 2. Let m(b) = 1. Let l(x) = -6*m(x) + r(x). Let g be l(7). Suppose -4*h = 4*s - 180, g + 0 = s - 5*h. List the prime factors of s.
3, 5
Let r = -6 + -3. Let s = 27 - r. Let n = 60 - s. What are the prime factors of n?
2, 3
Let l(q) = -174*q - 211. What are the prime factors of l(-34)?
5, 7, 163
Suppose 3*q - 2 + 1 = -4*c, -2*q + 16 = -5*c. Let g(u) = -u - q*u + 7*u + 4*u. List the prime factors of g(1).
7
Suppose -5*r + 4*o + 12 = 0, 0*o = -5*r + 3*o + 9. Suppose r = -2*q + 4 - 0. Suppose -q*k + 3*x + 63 = 0, -5*x - 7 = -2. What are the prime factors of k?
2, 3, 5
Let s = 86 - 163. Let k = s - -144. Let h = 99 - k. List the prime factors of h.
2
List the prime factors of ((-10)/4)/((-1)/296).
2, 5, 37
Let p(v) = 31*v**3 + 13*v**2 - 19. List the prime factors of p(5).
37, 113
What are the prime factors of 45*(-23)/((-138)/72)?
2, 3, 5
Suppose -3*p - 3*f = -519, -2*p = -4*p - 5*f + 337. Suppose 0 = -4*j - 4*s + 152, -2*j - 2*j = -2*s - p. List the prime factors of j.
2, 3, 7
Suppose 0 = 2*i + w - 230, -i - 7 = -3*w - 115. List the prime factors of i.
2, 3, 19
Let a = 34 - 28. Suppose -z + 5 = t - 2*z, a = -3*t - 4*z. Suppose -t*o + 16 = -20. List the prime factors of o.
2, 3
Let r = 18 - 10. Suppose 0 = 2*o - 2 - r. Suppose 3 = -o*j + 23. What are the prime factors of j?
2
Let k be (1 + (3 - 1))/((-14)/(-14)). List the prime factors of (5/2)/(((-3)/(-86))/k).
5, 43
Let u(o) = -o**3 - 4*o**2 - o. Let c be u(-4). Suppose -4*l - z + c = -3, -3*l + 2 = 4*z. List the prime factors of (33 - 3) + 4/l.
2
Let p(r) = 7*r + 20. Let b(i) = 36*i + 100. Let z(h) = -3*b(h) + 16*p(h). What are the prime factors of z(7)?
2, 3
Let x be ((-22)/3 - -4)*-3. Let h(y) = y**3 - 9*y**2 - 4*y + 13. What are the prime factors of h(x)?
73
Let n be (-2 + (-1 - -2))*-30. Suppose 5*h - 207 = 5*g - 67, 5*g - 3*h + 130 = 0. Let c = g + n. What are the prime factors of c?
7
Suppose -2*f = -5*b + 4459, 3*b - 3*f - 2688 = -6*f. List the prime factors of b.
19, 47
Let u = 259 + 158. List the prime factors of u.
3, 139
Let n(x) be the first derivative of x**4/4 - 2*x**3 + x**2/2 + x - 2. What are the prime factors of n(6)?
7
Let t(v) = 9*v - 5*v - 3*v + 57. Let q be t(0). Let i = q + -31. What are the prime factors of i?
2, 13
What are the prime factors of (-17 - 1)/(-6)*1005/3?
3, 5, 67
Let m(a) = a + 9. Suppose -2*j + 14 = 8. What are the prime factors of m(j)?
2, 3
Let o(x) = -55*x**3 + 2*x**2 - 3*x - 4. Suppose 3*r - 2 = 5*r. What are the prime factors of o(r)?
2, 7
Suppose 442 - 661 = -i. List the prime factors of i.
3, 73
Let j(k) = k**3 - 4*k**2 - 5*k + 20. Let a be j(6). Suppose 5*n - 192 + a = 0. Let v = -21 + n. List the prime factors of v.
5
Suppose -313*u = -323*u + 12620. What are the prime factors of u?
2, 631
Let b(c) = c**3 - c**2 - c + 20. Let r be b(9). Suppose 4 = 2*m - 6, 0 = -3*l + 5*m + r. List the prime factors of l.
2, 3, 19
Suppose 4*b + 530 = u, u - 266 = -b + 264. List the prime factors of u.
2, 5, 53
Suppose -3*b = -5*h - 640 - 142, 0 = -b + 4*h + 263. List the prime factors of b.
7, 37
Let r = -4 + 6. Suppose -2*o - o + 179 = 5*t, 0 = r*t + 3*o - 77. List the prime factors of t.
2, 17
Let d be -1*-1*5/1. Suppose -d*p = -2*p. Suppose -3*y + 59 + 34 = p. List the prime factors of y.
31
Suppose 0 = 3*l - 360 - 1311. What are the prime factors of l?
557
Let k(o) = 14 - 1 + 30 - o + 6. List the prime factors of k(0).
7
Suppose -5*g + 5*h + 5602 = -16108, 5*g + 5*h = 21670. What are the prime factors of g?
2, 3, 241
Let b be 2/11 - 126/(-33). Suppose b*r = 106 + 22. Suppose 5*t - r = t. What are the prime factors of t?
2
Let u(y) = 3*y**2 - 11*y - 4. Let i be u(-3). Let n = 156 + i. What are the prime factors of n?
2, 53
Let f = 1983 + -1360. What are the prime factors of f?
7, 89
Let u = -525 - -905. List the prime factors of u.
2, 5, 19
Suppose -3400 = -5*c - 0*c. List the prime factors of c.
2, 5, 17
Let y be (-4 + 4 + 3)/((-2)/(-16)). Suppose 28*u - y*u = 20. What are the prime factors of u?
5
Suppose 0 = -2*v + 3 + 3. Let y be (-3)/(6/3 - v). List the prime factors of 7*y/(-6)*-10.
5, 7
Suppose -2*c - 118 = 4*k, c + 2*k + 55 = -k. Suppose -4*h - 5*a - 111 = -0*h, 4*a - 60 = 3*h. Let t = h - c. What are the prime factors of t?
43
Suppose 0 = -4*n + c + 9 + 25, 17 = 3*n - 5*c. List the prime factors of (6/n)/(2/21).
7
Let l = 24 + 258. What are the prime factors of l?
2, 3, 47
Suppose 9 = 4*t - 3*s, -3*t - 3*s + 1 = 10. Suppose 4*f - l = -t*l + 250, -4*l = 5*f - 323. What are the prime factors of f?
3, 7
Let s = 34 + -31. Suppose s*l - 207 = t + t, 3*l - 4*t - 213 = 0. What are the prime factors of l?
67
List the prime factors of ((-3376)/(-24))/(6/27) + 4.
7, 13
Let o be 1 + (3 - 2 - 2). Let p(z) = -z**3 - z - 2. Let s be p(o). List the prime factors of s/5 + 96/15.
2, 3
Let s be 3/((-52)/24 + 2). List the prime factors of 1/(-6) - 1209/s.
67
Let v = 20 + -17. Let j(d) = 8*d**2 + 3*d - 10. List the prime factors of j(v).
71
Suppose 7*y - 6*y - 3 = -5*s, -2*y + 3*s + 71 = 0. Let x = y + 9. List the prime factors of x.
37
Let n(p) = 3*p**2 - 2*p + 3. Let w be n(3). Let u = -9 + w. Suppose 0 = -3*m + 3*j + u, m + 15 + 0 = 5*j. What are the prime factors of m?
2, 5
Suppose -4*i - 2*z = -1610, -2*z = i + 2*i - 1206. List the prime factors of i.
2, 101
Let b = 17 - -5. Suppose 64 - b = 5*t - 4*m, 0 = 2*t + 5*m + 3. List the prime factors of t.
2, 3
List the prime factors of 5 + 423 + -1 + -4.
3, 47
Suppose 14*b - 29*b + 3390 = 0. What are the prime factors of b?
2, 113
Let n(c) = -c**3 - 8*c**2 + 10*c + 13. Let v be n(-9). Suppose u = -4*a - 3*u + 508, 0 = v*a - 5*u - 508. List the prime factors of a.
127
Let a(o) = -o**3 + 10*o**2 - 12*o + 30. Let g be a(9). Suppose 2*q = 6*v - g*v + 311, -760 = -5*q + 4*v. List the prime factors of q.
2, 37
Suppose -6 = -2*m + 4. Suppose m*j - 6*j + 71 = 0. List the prime factors of j.
71
Let n(o) = 4*o**2 + 11*o - 23. List the prime factors of n(15).
2, 521
Let m be (-3)/(-12) + (-5)/20. Suppose -6 + m = -3*c. Suppose -4*z - 11 = 1, -178 = -4*n + c*z. List the prime factors of n.
43
Let x(n) = 25*n**2 + n - 2. Let j be x(-1). Let f = -31 - -7. Let z = j - f. List the prime factors of z.
2, 23
Suppose 1188 = 208*c - 204*c. Let l = c - 147. List the prime factors of l.
2, 3, 5
Let m be (1 - -3)*26/(-8). Let t = m + 20. What are the prime factors of t?
7
Let p(m) = 14*m**2 - 18*m - 45. What are the prime factors of p(-12)?
3
Suppose 4*w - 2*m + 4*m - 1204 = 0, 3*m = 0. List the prime factors of w.
7, 43
Let f(i) = 4*i**2 - 2*i + 2. Let z be f(1). Suppose z*a = -3*q + 169, -5*a + 188 + 37 = q. What are the prime factors of a?
2, 23
Let r be ((-1)/2)/(11/132). Let w = 9 + r. Suppose 0*c + 75 = w*c. What are the prime factors of c?
5
Let h be 598/13*2/(0 - -4). Suppose h*b - 474 = 20*b. What are the prime factors of b?
2, 79
Let c be 6/30 - (0 + (-9)/5). Suppose 5*v - 140 = -2*w - 25, 5*w - 360 = c*v. List the prime factors o